 s - 3 = 3*g - i, 4*s = 12. Calculate the remainder when 65 is divided by g.
2
Let b(q) = q**3 + 5*q**2 - 17*q - 8. Suppose 7*r = 8*r - 10. What is the remainder when b(-6) is divided by r?
8
Suppose 7*u = 411 - 103. Suppose -2*i - u = 2*y, i - y = -1 - 13. What is the remainder when i/(-16)*2*20 is divided by 23?
22
Let t = -425 + 457. Let s = -323 + 448. Calculate the remainder when s is divided by t.
29
Let k(a) = -3*a - 32. Let f be k(-17). Let r(j) = 2*j**3 - 38*j**2 + 15. What is the remainder when r(f) is divided by 10?
5
Suppose -79 = 4*q - 59. Calculate the remainder when q + 1 + 1*(68 - -3) is divided by 35.
32
Let y = -43205 - -43217. Calculate the remainder when 420/9 + (-4)/6 is divided by y.
10
Let n(i) = -i**2 + 72*i - 682. Calculate the remainder when n(21) is divided by 28.
25
Let b(z) = 16*z - 104. Let u be b(10). Suppose 2*s + 2*s = u. What is the remainder when 52 is divided by s?
10
Let r(m) = -469*m + 4887. What is the remainder when r(8) is divided by 82?
69
Let n = 242 + -87. Suppose -48 = -2*l + 2*h + 12, 5*l - n = 4*h. What is the remainder when l is divided by 9?
8
Suppose 60031 - 54351 = 20*g. Calculate the remainder when g is divided by 21.
11
Suppose -y + 4*p + 35 = 0, -52 = 14*y - p - 542. What is the remainder when 699 is divided by y?
34
Suppose -d = -4*d + 42. Suppose -10*y = 9*y + 19. Calculate the remainder when (30/(-25))/(4/180*y) is divided by d.
12
Suppose -3*x + x + 5*g + 98 = 0, x + 3*g - 38 = 0. Let t = 38200 - 38115. What is the remainder when t is divided by x?
41
Let b be (-85)/(-34)*58*6/15. Suppose 162*n + b = 164*n. Calculate the remainder when n is divided by 5.
4
Let r(a) = a**3 + a + 46. Let j be r(0). Let d = 15 - j. Let f = -24 - d. What is the remainder when 7 is divided by f?
0
Let y(t) = -t**2 - 11*t - 5. Let u be y(-10). What is the remainder when u - (-6 - 12/(-4)*1) is divided by ((6/5)/((-6)/15))/(-1)?
2
Let i = -117 - -120. Let m(b) = 0 + 0 - i*b**3 + 2*b**3 - 3*b - 5 - b**2. Calculate the remainder when m(-2) is divided by 5.
0
Let l = 10043 - 9094. What is the remainder when l is divided by 33?
25
Suppose -1077 = -4*o - 937. Suppose -5*m = 3*k + 3, 4*k - 2*m + 2 + 2 = 0. Let q(v) = -65*v. Calculate the remainder when q(k) is divided by o.
30
Suppose -31 = 6*g - 157. Let h = -41 - 42. Let t = -21 - h. What is the remainder when t is divided by g?
20
Let x = -65 + 109. Let f(j) = 12*j**2 - 3 - 3*j**2 - 8*j**2 - 5*j + 13. What is the remainder when x is divided by f(6)?
12
Suppose 18*a - 19*a + 76 = c, 4*c = -3*a + 297. Let x = 56 + -21. Calculate the remainder when c is divided by x.
34
Suppose 5*k + 4 = k + 2*s, -3*k - 10 = -5*s. Suppose k = -3*a - f, -2*a + 3*f + 5 + 6 = 0. Calculate the remainder when (83 + -6)/(a - 0) is divided by 21.
14
Suppose 2*r - 43*l + 41*l - 398 = 0, r - 211 = -l. What is the remainder when 247 is divided by r?
42
Let y be 1*13 + (0 - 0 - 2). Suppose -120 = 10*k - y*k. What is the remainder when 12 is divided by (1 - (-5)/(-4))/((-6)/k)?
2
Suppose -18*h - 632 + 4034 = 9*h. Calculate the remainder when 404 is divided by h.
26
Let f(d) = 12*d**2 - 21*d - 5. Let i be f(5). Suppose -4*b - 2 + i = 0. Calculate the remainder when b is divided by 5.
2
Let d = 9499 + -9485. What is the remainder when 40065 is divided by d?
11
Let m(v) = v**3 + 29*v**2 + 202*v - 19. Calculate the remainder when 2177 is divided by m(-13).
53
Suppose 5*q = -y - 3, -2*y + 71 = y - 5*q. Calculate the remainder when -197 - -252 - (60/(-27) + (-2)/(-9)) is divided by y.
6
Let q = -2294 + 2564. What is the remainder when q is divided by 102?
66
Calculate the remainder when 164 is divided by (-420329)/(-21307) + 1*(-1 - 28/(-22)).
4
Suppose 4*g - 4*b - 389 = -85, -4*g - 5*b + 277 = 0. Let p = g - 5. Let l = 90 - p. Calculate the remainder when 84 is divided by l.
18
Let w(f) = 66*f**2 + 11*f + 21. Let s be w(-2). Suppose 271*g - s*g = 840. What is the remainder when g is divided by 24?
9
Let q(r) be the second derivative of -5*r**3/6 + 2*r**2 + 16*r. Let v be q(3). Let l = v - -51. Calculate the remainder when l is divided by 13.
1
Let h(r) = -24*r**3 + 40*r**2 + 99*r - 6. What is the remainder when h(-3) is divided by 9?
3
Let r be (-8)/2*23/(-46). Let m(f) = 13*f + 14. Suppose 3*l + 13 = 55. Calculate the remainder when m(r) is divided by l.
12
Calculate the remainder when 141 is divided by 37/(222/156) - 8.
15
Let d(b) = b**2 - 11*b - 1. Suppose 311 - 11 = 5*f. Suppose -4*k + k = -f. Calculate the remainder when d(15) is divided by k.
19
Let j(c) = c**2 - 5*c - 13. Suppose 136 = -0*a + a - 2*q, a - q = 139. Calculate the remainder when a is divided by j(-3).
10
Let z(k) = 3*k**3 - 22*k**2 - 8*k + 10. Let j = -83 - -113. Calculate the remainder when z(8) is divided by j.
14
Suppose -26235 = -140*o + 645. Calculate the remainder when o is divided by (0 - -1)*(25 - 11).
10
Let z(l) = 148*l + 211. What is the remainder when 377 is divided by z(-1)?
62
Let n(c) = -12*c - 21. Let s be n(-4). What is the remainder when 1 + -2 + (s - -155) is divided by 13?
12
Suppose -5*p + a - 403 = -0*a, 320 = -4*p + 2*a. Let h = p + 125. What is the remainder when 54 is divided by h?
10
Suppose 330*j + 2754 = 492*j. Calculate the remainder when j is divided by (-2 + 22)/2 + -2.
1
Let c = 336 + -302. Suppose -2*l = c*l - 4356. Calculate the remainder when l is divided by 61.
60
Suppose 39*p - 3208 + 322 = 0. Suppose 2*f = -i + p, -3*f + 28 = 3*i - 89. Calculate the remainder when f is divided by 13.
9
Let z(v) = 2*v**3 + 10*v**2 - 5*v + 12. Let d = 345 - 350. Let s(m) = 20*m. Calculate the remainder when z(d) is divided by s(1).
17
Let a(v) = v**2 + 6*v - 1. Let h be a(-7). Let r = h - -11. Suppose -p - 4*u = 4, u = -143 + 141. What is the remainder when r is divided by p?
1
Suppose 20*y - 313 = -73. Suppose y*l - 16*l + 60 = 0. What is the remainder when 252 is divided by l?
12
Let h be 7 + -2 - (-2786 - 2/1). Let q = h + -1824. Calculate the remainder when q is divided by 36.
33
Let k = 8 - 2. Calculate the remainder when (-52)/(-6) - 83582/(-474) is divided by k.
5
Let l(x) = -2700*x - 12677. What is the remainder when l(-7) is divided by 13?
9
Let u(r) = 39*r - 295. Calculate the remainder when 1078 is divided by u(8).
7
Let f be 3 + 2 + 0 + 1 + 1. Let j(a) = 2*a + 17. What is the remainder when j(f) is divided by ((140/25)/(-7))/(1/(-5))?
3
Let x be 4/(-10) - (-3 + 143/55). Suppose -h = -4*n + n - 14, x = h - 2*n - 12. Calculate the remainder when 327 is divided by h.
7
Let n be 2*((-11)/(-2) - (8 - 4)). Suppose -3*l - 7*y = -9*y - 98, -4*l + n*y + 132 = 0. What is the remainder when l is divided by 18?
12
Calculate the remainder when (24/(-5))/(3/(-230)) is divided by -15 - -7 - (-2501)/41.
50
Let l(h) = -37*h + 93. Let f be l(-5). Suppose 2*s + 5*d - f = 0, 5*d + 4 + 150 = s. What is the remainder when s is divided by 17?
8
Let t be (-6)/(-4) - (3300/(-24) - -4). Let i = t + 56. Calculate the remainder when i is divided by 32.
31
Let n = 2683 - 2675. Suppose 2*o = -3*o + 2*w + 129, 2*o - 52 = w. Calculate the remainder when o is divided by n.
1
Suppose -10*k = 1354 + 576. Let a = 267 + k. Calculate the remainder when a is divided by 35 - -1 - (2 + -5).
35
Suppose 58674 = 19*g + 36323 - 39836. Calculate the remainder when g is divided by 26.
23
Let i be 4 - 6/(-9) - 3/(-9). Suppose 40 = 5*u - 3*l, -i*l - 20 = 2*u - u. Calculate the remainder when 21 is divided by 31/u + (-15)/75.
3
Let p(m) = 26*m - 1184. What is the remainder when 948 is divided by p(63)?
40
What is the remainder when 5009 is divided by (-19)/((2/(-7))/((-352)/(-308)))?
69
Suppose -3*z - 5*a + 14 + 3 = 0, 5*z = -2*a + 22. Suppose 4*t + 12 = -2*w - 42, z*w = -t - 17. Let u = -7 - t. Calculate the remainder when 21 is divided by u.
3
Let d be 50*(15/(-6) - -3). Suppose 5*s + 19 = 2*i + i, 3*i + s = d. Let f = 5 + 1. What is the remainder when i is divided by f?
2
Let y(n) = -10*n - 2. Suppose 2*m - 7*m = 0, 9*s + 2*m = 810. Calculate the remainder when s is divided by y(-5).
42
Let a(m) = m**3 - m**2 - 53*m + 38. Calculate the remainder when 469 is divided by a(-7).
10
Let u = 9026 - 8981. Calculate the remainder when 256 is divided by u.
31
Suppose -15*l = -5*l - 283 - 287. Calculate the remainder when 75 is divided by l.
18
Sup